35.
650
Calculate the remainder when 768351 is divided by 8256.
543
Calculate the remainder when 61420 is divided by 288.
76
What is the remainder when 17585060 is divided by 3517011?
5
Calculate the remainder when 9930122 is divided by 167.
135
What is the remainder when 4768 is divided by 4648?
120
What is the remainder when 336646 is divided by 2004?
1978
What is the remainder when 752731 is divided by 1238?
27
Calculate the remainder when 1047627 is divided by 84.
63
Calculate the remainder when 3371517 is divided by 2850.
2817
Calculate the remainder when 56259759 is divided by 491.
488
Calculate the remainder when 229250 is divided by 9527.
602
Calculate the remainder when 82876437 is divided by 8.
5
What is the remainder when 2014137 is divided by 10490?
57
What is the remainder when 41193 is divided by 40928?
265
Calculate the remainder when 142148997 is divided by 78.
3
What is the remainder when 5813651 is divided by 49?
46
Calculate the remainder when 61643 is divided by 979.
945
Calculate the remainder when 43464710 is divided by 53.
46
Calculate the remainder when 526221 is divided by 393.
387
What is the remainder when 12210894 is divided by 251?
246
Calculate the remainder when 508087 is divided by 46153.
404
What is the remainder when 1702826 is divided by 16?
10
What is the remainder when 18742869 is divided by 25?
19
Calculate the remainder when 687054 is divided by 1313.
355
What is the remainder when 41386 is divided by 3180?
46
Calculate the remainder when 182272 is divided by 1688.
1656
Calculate the remainder when 1208096 is divided by 402675.
71
Calculate the remainder when 1833906 is divided by 1401.
1398
Calculate the remainder when 710800 is divided by 1765.
1270
What is the remainder when 16465860 is divided by 510?
0
Calculate the remainder when 497787 is divided by 9951.
237
What is the remainder when 246956 is divided by 17628?
164
Calculate the remainder when 238411709 is divided by 101.
98
Calculate the remainder when 31277402 is divided by 1697.
1692
What is the remainder when 47439 is divided by 7903?
21
What is the remainder when 9441361 is divided by 538?
537
What is the remainder when 5820442 is divided by 5820440?
2
Calculate the remainder when 18093285 is divided by 81870.
15
Calculate the remainder when 32333609 is divided by 307939.
14
Calculate the remainder when 14659 is divided by 1223.
1206
What is the remainder when 73989881 is divided by 964?
953
Calculate the remainder when 1005055 is divided by 206.
187
What is the remainder when 24452 is divided by 12217?
18
What is the remainder when 12815681 is divided by 4206?
4205
What is the remainder when 68555 is divided by 1858?
1667
Calculate the remainder when 3235838 is divided by 580.
18
Calculate the remainder when 2310180 is divided by 1535.
5
Calculate the remainder when 332363 is divided by 2170.
353
What is the remainder when 471743 is divided by 67?
63
Calculate the remainder when 7615031 is divided by 121.
17
What is the remainder when 125766 is divided by 31146?
1182
What is the remainder when 329 is divided by 30?
29
What is the remainder when 397913 is divided by 71?
29
What is the remainder when 64768450 is divided by 450?
400
What is the remainder when 5533 is divided by 188?
81
Calculate the remainder when 263782 is divided by 95.
62
Calculate the remainder when 35029172 is divided by 272.
196
Calculate the remainder when 24276 is divided by 23591.
685
What is the remainder when 1837271 is divided by 4664?
4319
Calculate the remainder when 1604748 is divided by 131.
129
Calculate the remainder when 185039 is divided by 465.
434
What is the remainder when 42621 is divided by 1923?
315
What is the remainder when 40706 is divided by 13419?
449
What is the remainder when 2669372 is divided by 280?
132
What is the remainder when 78653 is divided by 76647?
2006
Calculate the remainder when 22103229 is divided by 332.
329
What is the remainder when 4793166 is divided by 76?
74
What is the remainder when 288839 is divided by 69?
5
Calculate the remainder when 155853 is divided by 19450.
253
What is the remainder when 552850 is divided by 290?
110
What is the remainder when 45851 is divided by 15099?
554
What is the remainder when 970016 is divided by 6831?
14
Calculate the remainder when 12768286 is divided by 4256092.
10
What is the remainder when 1757973 is divided by 1496?
173
What is the remainder when 85841847 is divided by 222?
219
What is the remainder when 32283010 is divided by 8440?
10
What is the remainder when 6348335 is divided by 62854?
81
Calculate the remainder when 2573811 is divided by 6012.
675
Calculate the remainder when 4625161 is divided by 36.
25
What is the remainder when 28327052 is divided by 10?
2
What is the remainder when 336834 is divided by 280?
274
What is the remainder when 67451 is divided by 6127?
54
What is the remainder when 3220307 is divided by 156?
155
Calculate the remainder when 1990187 is divided by 629.
31
What is the remainder when 116911 is divided by 3020?
2151
Calculate the remainder when 31201 is divided by 13385.
4431
What is the remainder when 28735 is divided by 6470?
2855
Calculate the remainder when 41143 is divided by 5784.
655
Calculate the remainder when 126068 is divided by 42019.
11
What is the remainder when 6582959 is divided by 1810?
1799
Calculate the remainder when 230181559 is divided by 22.
3
Calculate the remainder when 267997985 is divided by 67.
62
What is the remainder when 57482678 is divided by 124?
122
What is the remainder when 58083 is divided by 57972?
111
Calculate the remainder when 192086 is divided by 1290.
1166
Calculate the remainder when 8752644 is divided by 2434.
2414
What is the remainder when 171522 is divided by 1480?
1322
Calculate the remainder when 1411004 is divided by 63.
56
What is the remainder when 2881121 is divided by 5416?
5225
What is the remainder when 321469 is divided by 258?
1
Calculate the remainder when 6007102 is divided by 17.
16
Calculate the remainder when 1711208 is divided by 927.
893
What is the remainder when 23672357 is divided by 23672317?
40
What is the remainder when 8339121 is divided by 192?
177
Calculate the remainder when 94434 is divided by 7228.
470
Calculate the remainder when 45638 is divided by 8840.
1438
What is the remainder when 275375 is divided by 16?
15
Calculate the remainder when 48370 is divided by 1202.
290
What is the remainder when 1255445 is divided by 50?
45
What is the remainder when 191560 is divided by 718?
572
What is the remainder when 71210 is divided by 23665?
215
What is the remainder when 4589928 is divided by 101998?
18
Calculate the remainder when 3418383 is divided by 48834.
3
Calculate the remainder when 291061 is divided by 2205.
1
Calculate the remainder when 1608752 is divided by 1224.
416
What is the remainder when 2653175600 is divided by 53?
52
Calculate the remainder when 70121 is divided by 447.
389
What is the remainder when 712694 is divided by 852?
422
Calculate the remainder when 2967408 is divided by 156179.
7
Calculate the remainder when 21294785 is divided by 7464.
7457
What is the remainder when 220578 is divided by 73472?
162
What is the remainder when 41279324 is divided by 68?
60
What is the remainder when 136423 is divided by 33555?
2203
What is the remainder when 2722459 is divided by 566?
565
What is the remainder when 13928234 is divided by 1392806?
174
Calculate the remainder when 16058499 is divided by 2007311.
11
What is the remainder when 7077871 is divided by 154?
31
Calculate the remainder when 6246037 is divided by 2082008.
13
Calculate the remainder when 3793102 is divided by 111.
10
Calculate the remainder when 77823 is divided by 401.
29
What is the remainder when 119706155 is divided by 2362?
2357
What is the remainder when 35213 is divided by 1756?
93
Calculate the remainder when 837298 is divided by 2870.
2128
Calculate the remainder when 917713 is divided by 305724.
541
Calculate the remainder when 64008545 is divided by 49.
41
Calculate the remainder when 92142 is divided by 265.
187
What is the remainder when 3184848 is divided by 18?
0
Calculate the remainder when 91666860 is divided by 197133.
15
What is the remainder when 2459535 is divided by 8